MONTHLY CLIMATOLOGICAL SUMMARY for SEP. 2020 NAME: CITY: STATE: ELEV: LAT: LONG: TEMPERATURE ( °C), RAIN (mm), WIND SPEED (m/s) HEAT COOL AVG MEAN DEG DEG WIND DOM DAY TEMP HIGH TIME LOW TIME DAYS DAYS RAIN SPEED HIGH TIME DIR -------------------------------------------------------------------------------------------------------- 01 13.5 17.3 16:03 08.8 05:37 04.8 00.0 00.0 01.5 06.7 12:01 SSE 02 15.2 18.2 17:34 11.6 07:39 03.1 00.0 00.0 02.2 09.3 23:32 E 03 15.1 16.4 00:43 13.7 13:22 03.2 00.0 12.4 02.9 14.9 15:25 ESE 04 15.2 17.2 15:52 13.2 23:52 03.1 00.0 00.8 03.1 11.8 18:36 WSW 05 12.9 14.3 15:32 11.6 23:55 05.4 00.0 02.0 04.9 14.9 04:39 W 06 12.1 13.9 18:03 11.1 08:48 06.2 00.0 03.2 04.7 13.4 08:20 WNW 07 12.9 15.5 15:56 10.0 07:29 05.4 00.0 06.8 02.3 11.3 15:39 SW 08 14.4 15.9 14:15 13.1 04:07 03.9 00.0 00.0 04.4 11.8 08:02 W 09 13.5 15.3 06:23 11.0 23:35 04.8 00.0 00.3 04.8 16.0 09:05 W 10 11.3 14.0 14:54 09.5 07:22 07.0 00.0 00.1 02.4 09.3 05:09 WNW 11 12.9 15.3 14:21 10.8 01:16 05.4 00.0 08.5 02.4 12.9 21:28 SW 12 13.7 15.3 13:37 12.7 21:07 04.6 00.0 00.0 04.1 13.4 18:42 WSW 13 13.8 16.4 16:03 12.0 08:00 04.5 00.0 05.2 02.5 10.8 02:51 WSW 14 15.8 18.7 14:50 14.0 05:41 02.5 00.0 00.0 01.3 05.7 13:05 SW 15 15.1 17.4 16:01 13.3 00:00 03.2 00.0 00.0 01.2 06.2 14:45 SE 16 12.9 14.6 18:05 09.7 23:31 05.4 00.0 00.0 02.6 13.4 09:06 NW 17 12.8 16.5 16:28 09.7 08:06 05.5 00.0 00.0 01.7 08.2 15:46 S 18 12.6 16.2 15:29 08.5 03:21 05.7 00.0 00.0 01.7 05.7 19:11 WNW 19 14.0 16.7 16:14 11.3 23:52 04.3 00.0 00.0 02.4 09.3 15:35 WNW 20 12.9 16.6 15:47 09.7 07:30 05.4 00.0 00.0 02.8 10.3 15:34 WNW 21 13.2 15.4 14:17 11.8 03:40 05.1 00.0 00.4 01.5 06.2 14:44 WSW 22 14.1 16.2 15:48 12.4 00:30 04.2 00.0 00.1 01.5 09.3 14:00 SSE 23 13.7 15.3 03:10 11.0 00:00 04.6 00.0 09.2 01.8 07.2 19:36 WNW 24 12.0 14.9 14:23 09.9 23:49 06.3 00.0 11.3 02.6 26.2 14:30 SW 25 10.7 13.7 17:12 07.6 07:52 07.6 00.0 00.1 01.3 06.2 18:50 N 26 12.3 16.6 16:48 08.2 07:44 06.0 00.0 00.0 01.5 07.7 14:39 NW 27 14.1 17.6 15:10 10.4 03:13 04.2 00.0 00.0 01.2 04.6 16:37 WNW 28 13.5 16.6 16:02 11.0 07:43 04.8 00.0 00.0 01.2 06.2 18:47 NE 29 14.2 15.0 16:44 12.6 00:00 04.1 00.0 11.2 02.6 09.3 14:20 E 30 13.4 15.1 14:20 11.6 07:31 04.9 00.0 01.2 03.1 13.4 21:19 E -------------------------------------------------------------------------------------------------------- 13.5 (13.5) 18.7 day 14 07.6 day 25 145.3 000.0 105.0 02.5 26.2 day 24 W Min <= 30: 30 Max Rain: 12.4 ON 3-09-20 Days of Rain: 13 (> .2mm) 8 (> 2mm) 0 (> 20mm)